base 13) in base 14?
-2b14
Convert 3625 (base 7) to base 13.
7c3
Convert -2367 (base 11) to base 4.
-300122
What is -816 (base 15) in base 9?
-2443
151255 (base 6) to base 9
21888
-45 (base 13) to base 15
-3c
Convert -2090 (base 11) to base 4.
-223021
Convert 1202122102 (base 3) to base 15.
a458
What is 120 (base 12) in base 8?
250
-30c (base 14) to base 13
-372
-5399 (base 10) to base 11
-4069
-101121210 (base 3) to base 8
-17077
20001020 (base 3) to base 12
2673
Convert -2350 (base 10) to base 14.
-bdc
-52524 (base 10) to base 8
-146454
57023 (base 8) to base 12
11b2b
3650 (base 7) to base 2
10101001110
What is 5157 (base 15) in base 6?
211314
Convert -1122102112 (base 3) to base 13.
-11984
33 (base 13) to base 4
222
What is 9473 (base 14) in base 6?
314233
-12132 (base 4) to base 9
-510
What is 1031233 (base 4) in base 12?
2a67
What is 411550 (base 6) in base 9?
50023
What is -1194c (base 13) in base 12?
-16873
What is -677c (base 13) in base 6?
-150552
5ed (base 16) to base 15
6b2
What is 877 (base 9) in base 12?
4ba
Convert -325 (base 14) to base 13.
-38a
Convert -11011100010100 (base 2) to base 6.
-145140
-21521 (base 6) to base 2
-101110111001
-10464 (base 7) to base 14
-d6b
What is 3e2 (base 15) in base 13?
533
What is 10212200 (base 4) in base 2?
100100110100000
What is 129b1 (base 14) in base 16?
b2ff
-33001 (base 4) to base 13
-58c
Convert 46 (base 14) to base 2.
111110
-16130 (base 10) to base 15
-4ba5
Convert -1200323 (base 4) to base 10.
-6203
37418 (base 10) to base 2
1001001000101010
-113220 (base 4) to base 16
-5e8
-34b5 (base 15) to base 14
-4119
What is -50 (base 6) in base 4?
-132
What is -3133 (base 9) in base 10?
-2298
What is -502 (base 7) in base 16?
-f7
-2123 (base 11) to base 12
-1760
-198 (base 12) to base 15
-125
4402 (base 14) to base 6
130242
Convert -44154 (base 6) to base 4.
-1133212
5401 (base 12) to base 14
3505
-12ab (base 13) to base 12
-1670
4 (base 7) to base 8
4
3306a (base 12) to base 11
46770
Convert 3e75 (base 16) to base 10.
15989
Convert 81a (base 13) to base 12.
967
Convert 1ab (base 13) to base 15.
15a
-1200010011 (base 3) to base 11
-22790
What is -139 (base 12) in base 10?
-189
-21210130 (base 4) to base 10
-39196
Convert 3c2 (base 15) to base 13.
50c
What is 66a9 (base 12) in base 7?
45060
What is 1111002201 (base 3) in base 15?
89dd
Convert -21817 (base 10) to base 11.
-15434
Convert 1431 (base 5) to base 2.
11110001
What is 19aa (base 14) in base 7?
16403
-275 (base 13) to base 6
-2002
What is -194 (base 13) in base 8?
-442
What is 10022 (base 4) in base 10?
266
What is 4231 (base 6) in base 16?
3bb
Convert -d3 (base 16) to base 8.
-323
What is a731 (base 11) in base 10?
14191
Convert -4301 (base 13) to base 15.
-2b4b
What is -121013 (base 5) in base 3?
-20011222
10411 (base 5) to base 13
443
240 (base 14) to base 5
3243
735 (base 8) to base 13
2a9
Convert -5c (base 15) to base 12.
-73
Convert -40d9 (base 14) to base 10.
-11167
1102100 (base 3) to base 14
53d
What is a98 (base 12) in base 11?
1195
Convert 487 (base 14) to base 13.
546
What is 120 (base 13) in base 10?
195
Convert -3942 (base 15) to base 10.
-12212
Convert 100000011110010 (base 2) to base 10.
16626
-a02 (base 14) to base 5
-30322
Convert -14033 (base 7) to base 10.
-3797
What is 1df9 (base 16) in base 5?
221143
What is -104420 (base 5) in base 3?
-12010100
What is bc2 (base 15) in base 4?
221201
Convert -d47 (base 14) to base 5.
-40421
200002 (base 3) to base 2
111101000
-4e9b (base 16) to base 14
-7495
Convert 433 (base 9) to base 4.
11202
Convert -123443 (base 5) to base 6.
-34321
What is -53065 (base 7) in base 3?
-122221111
What is 655 (base 9) in base 12?
388
-50606 (base 8) to base 11
-14753
What is -420242 (base 5) in base 7?
-55204
55579 (base 10) to base 2
1101100100011011
Convert -c3 (base 14) to base 9.
-210
43004 (base 5) to base 10
2879
Convert 1481 (base 14) to base 4.
320321
Convert -4205 (base 6) to base 3.
-1021212
Convert 4266 (base 7) to base 5.
22033
2000022001 (base 3) to base 12
1aaa7
-20288 (base 10) to base 9
-30742
Convert -15541 (base 6) to base 13.
-1237
-1312131 (base 4) to base 10
-7581
What is 110110110110011 (base 2) in base 8?
66663
-22102101 (base 3) to base 15
-1c44
What is -332112 (base 5) in base 2?
-10110100001100
What is -1021 (base 16) in base 7?
-15016
What is 24d (base 15) in base 12?
377
Convert 112300 (base 7) to base 4.
10321021
What is 10101001001100 (base 2) in base 3?
112212001
What is 1111100111 (base 2) in base 4?
33213
Convert -28c (base 16) to base 8.
-1214
What is -8273 (base 9) in base 10?
-6060
What is -d6 (base 16) in base 8?
-326
What is -1011000101 (base 2) in base 8?
-1305
-6b69 (base 12) to base 6
-131413
-1101022102 (base 3) to base 16
-6a40
3125 (base 9) to base 3
10010212
1952 (base 13) to base 5
110120
-2624 (base 8) to base 14
-740
What is 1057 (base 13) in base 6?
14301
Convert 112000022 (base 3) to base 4.
2133212
What is 1c81 (base 14) in base 11?
3a06
12320 (base 5) to base 13
58b
112100 (base 3) to base 8
603
Convert -112110221 (base 3) to base 9.
-15427
Convert -1321321 (base 4) to base 6.
-100041
-5050 (base 10) to base 2
-1001110111010
Convert -72 (base 15) to base 10.
-107
Convert -3201 (base 6) to base 15.
-331
Convert -99b2 (base 15) to base 13.
-11a92
Convert 22434 (base 8) to base 12.
55b8
-8883 (base 13) to base 2
-100101001011011
What is 364d (base 16) in base 5?
421101
What is -675 (base 8) in base 14?
-23b
What is -1002121101 (base 3) in base 8?
-52117
2556 (base 7) to base 15
44c
1456 (base 7) to base 6
2404
Convert 343 (base 8) to base 14.
123
What is -23233 (base 4) in base 5?
-11001
What is -7786 (base 9) in base 14?
-2148
What is 2394 (base 10) in base 12?
1476
Convert -671a (base 15) to base 7.
-120463
10015 (base 7) to base 4
211231
What is -342 (base 7) in base 3?
-20120
-1562 (base 11) to base 4
-133110
What is -1232 (base 7) in base 8?
-720
Convert -12132212 (base 4) to base 3.
-1100101202
Convert 100233 (base 6) to base 10.
7869
1d11 (base 15) to base 7
24262
What is 2026 (base 7) in base 13?
424
Convert -301 (base 12) to base 5.
-3213
What is 20430 (base 6) in base 15?
c39
1012103 (base 4) to base 13
2081
-388 (base 16) to base 4
-32020
Convert -3261 (base 9) to base 6.
-15044
-1001010101010 (base 2) to base 14
-1a54
Convert -1d89 (base 14) to base 3.
-21102111
What is -1304422 (base 5) in base 11?
-18274
Convert 1201202210 (base 3) to base 10.
34095
4040 (base 7) to base 11
1063
What is 4749 (base 13) in base 15?
2e8c
Convert 16a43 (base 12) to base 3.
1122201020
-8ff (base 16) to base 10
-2303
Convert 9b (base 13) to base 4.
2000
What is -65 (base 7) in base 8?
-57
1010101101111 (base 2) to base 6
41223
d9d (base 16) to base 9
4702
2639 (base 10) to base 3
10121202
What is 104 (base 13) in base 9?
212
What is -7807 (base 11) in base 8?
-24064
Convert -196 (base 14) to base 11.
-279
Convert -13116 (base 7) to base 4.
-312210
-8a5 (base 14) to base 5
-23323
What is -619 (base 16) in base 5?
-22221
What is -7331 (base 16) in base 3?
-1111110012
-24223 (base 8) to base 3
-112020201
What is -26b5 (base 12) in base 8?
-10551
What is -16d1 (base 14) in base 11?
-30a0
-23490 (base 13) to base 6
-1214350
What is -265 (base 8) in base 7?
-346
What is 9 (base 14) in base 9?
10
Convert 110300 (base 4) to base 11.
aa8
What is -51b2 (base 12) in base 7?
-35000
1114 (base 13) to base 5
34013
Convert 1210101 (base 3) to base 14.
694
What is 111112 (base 4) in base 10?
1366
What is 769a (base 12) in base 14?
4aa2
2413240 (base 5) to base 11
30746
400 (base 14) to base 5
11114
90 (base 16) to base 15
99
1000010001000010 (base 2) to base 12
17716
54222 (base 9) to base 5
2122103
2b8 (base 12) to base 2
110101100
-5ded (base 15) to base 11
-14053
a4 (base 16) to base 14
ba
120012 (base 3) to base 5
3120
What is -148 (base 9) in base 11?
-104
21102210 (base 3) to base 16
152d
-1112 (base 11) to base 3
-2000021
Convert -7267 (base 9) to base 15.
-18a1
Convert -1a288 (base 13) to base 4.
-30130211
-2010111 (base 3) to base 15
-6d7
-32b (base 13) to base 5
-4134
Convert 20122 (base 3) to base 11.
153
Convert 4144 (base 5) to base 9.
670
Convert 200001 (base 3) to base 5.
3422
-3112010 (base 4) to base 16
-3584
What is 7c41 (base 14) in base 16?
5471
-22